{"id":18981,"date":"2025-03-17T12:31:36","date_gmt":"2025-03-17T12:31:36","guid":{"rendered":"https:\/\/primariachitila.ro\/new\/?page_id=18981"},"modified":"2025-11-18T06:56:35","modified_gmt":"2025-11-18T06:56:35","slug":"buget","status":"publish","type":"page","link":"https:\/\/primariachitila.ro\/new\/buget\/","title":{"rendered":"BUGET"},"content":{"rendered":"\t\t<div data-elementor-type=\"wp-page\" data-elementor-id=\"18981\" class=\"elementor elementor-18981\">\n\t\t\t\t<div class=\"elementor-element elementor-element-1fec709 e-grid e-con-boxed e-con e-parent\" data-id=\"1fec709\" data-element_type=\"container\" data-e-type=\"container\">\n\t\t\t\t\t<div class=\"e-con-inner\">\n\t\t<a class=\"elementor-element elementor-element-0586d89 e-con-full e-flex e-con e-child\" data-id=\"0586d89\" data-element_type=\"container\" data-e-type=\"container\" href=\"https:\/\/primariachitila.ro\/new\/buget-local\/\">\n\t\t\t\t<div class=\"elementor-element elementor-element-47b856b elementor-widget elementor-widget-image\" data-id=\"47b856b\" data-element_type=\"widget\" data-e-type=\"widget\" data-widget_type=\"image.default\">\n\t\t\t\t<div class=\"elementor-widget-container\">\n\t\t\t\t\t\t\t\t\t\t\t\t\t\t\t<img decoding=\"async\" width=\"150\" height=\"150\" src=\"https:\/\/primariachitila.ro\/new\/wp-content\/uploads\/2025\/03\/Bugetul-local-150x150.jpeg\" class=\"attachment-thumbnail size-thumbnail wp-image-19580\" alt=\"\" \/>\t\t\t\t\t\t\t\t\t\t\t\t\t\t\t<\/div>\n\t\t\t\t<\/div>\n\t\t\t\t<div class=\"elementor-element elementor-element-0d78549 elementor-widget elementor-widget-heading\" data-id=\"0d78549\" data-element_type=\"widget\" data-e-type=\"widget\" data-widget_type=\"heading.default\">\n\t\t\t\t<div class=\"elementor-widget-container\">\n\t\t\t\t\t<h2 class=\"elementor-heading-title elementor-size-default\">Bugetul Local<\/h2>\t\t\t\t<\/div>\n\t\t\t\t<\/div>\n\t\t\t\t<div class=\"elementor-element elementor-element-73e2747 elementor-widget-divider--view-line elementor-widget elementor-widget-divider\" data-id=\"73e2747\" data-element_type=\"widget\" data-e-type=\"widget\" data-widget_type=\"divider.default\">\n\t\t\t\t<div class=\"elementor-widget-container\">\n\t\t\t\t\t\t\t<div class=\"elementor-divider\">\n\t\t\t<span class=\"elementor-divider-separator\">\n\t\t\t\t\t\t<\/span>\n\t\t<\/div>\n\t\t\t\t\t\t<\/div>\n\t\t\t\t<\/div>\n\t\t\t\t<div class=\"elementor-element elementor-element-071896f elementor-widget elementor-widget-heading\" data-id=\"071896f\" data-element_type=\"widget\" data-e-type=\"widget\" data-widget_type=\"heading.default\">\n\t\t\t\t<div class=\"elementor-widget-container\">\n\t\t\t\t\t<h5 class=\"elementor-heading-title elementor-size-default\">\nBugetul local reprezint\u0103 bugetul unit\u0103\u0163ilor administrativ-teritoriale, conform legii nr. 273 din 29 iulie 2006  privind finan\u0163ele publice locale<\/h5>\t\t\t\t<\/div>\n\t\t\t\t<\/div>\n\t\t\t\t<\/a>\n\t\t<a class=\"elementor-element elementor-element-e54faf2 e-con-full e-flex e-con e-child\" data-id=\"e54faf2\" data-element_type=\"container\" data-e-type=\"container\" href=\"https:\/\/primariachitila.ro\/new\/proiecte-de-buget\/\">\n\t\t\t\t<div class=\"elementor-element elementor-element-6a7e331 elementor-widget elementor-widget-image\" data-id=\"6a7e331\" data-element_type=\"widget\" data-e-type=\"widget\" data-widget_type=\"image.default\">\n\t\t\t\t<div class=\"elementor-widget-container\">\n\t\t\t\t\t\t\t\t\t\t\t\t\t\t\t<img decoding=\"async\" width=\"150\" height=\"150\" src=\"https:\/\/primariachitila.ro\/new\/wp-content\/uploads\/2025\/03\/Proiecte-de-buget-150x150.jpeg\" class=\"attachment-thumbnail size-thumbnail wp-image-19578\" alt=\"\" \/>\t\t\t\t\t\t\t\t\t\t\t\t\t\t\t<\/div>\n\t\t\t\t<\/div>\n\t\t\t\t<div class=\"elementor-element elementor-element-49fdbd8 elementor-widget elementor-widget-heading\" data-id=\"49fdbd8\" data-element_type=\"widget\" data-e-type=\"widget\" data-widget_type=\"heading.default\">\n\t\t\t\t<div class=\"elementor-widget-container\">\n\t\t\t\t\t<h2 class=\"elementor-heading-title elementor-size-default\">Proiecte de Buget<\/h2>\t\t\t\t<\/div>\n\t\t\t\t<\/div>\n\t\t\t\t<div class=\"elementor-element elementor-element-6435268 elementor-widget-divider--view-line elementor-widget elementor-widget-divider\" data-id=\"6435268\" data-element_type=\"widget\" data-e-type=\"widget\" data-widget_type=\"divider.default\">\n\t\t\t\t<div class=\"elementor-widget-container\">\n\t\t\t\t\t\t\t<div class=\"elementor-divider\">\n\t\t\t<span class=\"elementor-divider-separator\">\n\t\t\t\t\t\t<\/span>\n\t\t<\/div>\n\t\t\t\t\t\t<\/div>\n\t\t\t\t<\/div>\n\t\t\t\t<\/a>\n\t\t<a class=\"elementor-element elementor-element-7e22b95 e-con-full e-flex e-con e-child\" data-id=\"7e22b95\" data-element_type=\"container\" data-e-type=\"container\" href=\"https:\/\/primariachitila.ro\/new\/situatii-financiare\/\">\n\t\t\t\t<div class=\"elementor-element elementor-element-e542585 elementor-widget elementor-widget-image\" data-id=\"e542585\" data-element_type=\"widget\" data-e-type=\"widget\" data-widget_type=\"image.default\">\n\t\t\t\t<div class=\"elementor-widget-container\">\n\t\t\t\t\t\t\t\t\t\t\t\t\t\t\t<img decoding=\"async\" width=\"150\" height=\"150\" src=\"https:\/\/primariachitila.ro\/new\/wp-content\/uploads\/2025\/03\/Situatii-Financiare-150x150.jpeg\" class=\"attachment-thumbnail size-thumbnail wp-image-19577\" alt=\"\" \/>\t\t\t\t\t\t\t\t\t\t\t\t\t\t\t<\/div>\n\t\t\t\t<\/div>\n\t\t\t\t<div class=\"elementor-element elementor-element-d5ca369 elementor-widget elementor-widget-heading\" data-id=\"d5ca369\" data-element_type=\"widget\" data-e-type=\"widget\" data-widget_type=\"heading.default\">\n\t\t\t\t<div class=\"elementor-widget-container\">\n\t\t\t\t\t<h2 class=\"elementor-heading-title elementor-size-default\">Situa\u021bii Financiare<\/h2>\t\t\t\t<\/div>\n\t\t\t\t<\/div>\n\t\t\t\t<div class=\"elementor-element elementor-element-cf1c0bf elementor-widget-divider--view-line elementor-widget elementor-widget-divider\" data-id=\"cf1c0bf\" data-element_type=\"widget\" data-e-type=\"widget\" data-widget_type=\"divider.default\">\n\t\t\t\t<div class=\"elementor-widget-container\">\n\t\t\t\t\t\t\t<div class=\"elementor-divider\">\n\t\t\t<span class=\"elementor-divider-separator\">\n\t\t\t\t\t\t<\/span>\n\t\t<\/div>\n\t\t\t\t\t\t<\/div>\n\t\t\t\t<\/div>\n\t\t\t\t<div class=\"elementor-element elementor-element-464918b elementor-widget elementor-widget-heading\" data-id=\"464918b\" data-element_type=\"widget\" data-e-type=\"widget\" data-widget_type=\"heading.default\">\n\t\t\t\t<div class=\"elementor-widget-container\">\n\t\t\t\t\t<h5 class=\"elementor-heading-title elementor-size-default\">\nSitua\u021bii financiare \u2013 Conform Legii Contabilit\u0103\u021bii nr. 82\/1991, republicat\u0103 \u0219i reactualizat\u0103, reprezint\u0103 raport\u0103ri trimestriale \u0219i anuale care sunt \u00eentocmite \u00een baza normelor elaborate de Ministerul Finan\u0163elor Publice.<\/h5>\t\t\t\t<\/div>\n\t\t\t\t<\/div>\n\t\t\t\t<\/a>\n\t\t<a class=\"elementor-element elementor-element-049baff e-con-full e-flex e-con e-child\" data-id=\"049baff\" data-element_type=\"container\" data-e-type=\"container\" href=\"https:\/\/primariachitila.ro\/new\/datoria-publica\/\">\n\t\t\t\t<div class=\"elementor-element elementor-element-5c679bc elementor-widget elementor-widget-image\" data-id=\"5c679bc\" data-element_type=\"widget\" data-e-type=\"widget\" data-widget_type=\"image.default\">\n\t\t\t\t<div class=\"elementor-widget-container\">\n\t\t\t\t\t\t\t\t\t\t\t\t\t\t\t<img loading=\"lazy\" decoding=\"async\" width=\"150\" height=\"150\" src=\"https:\/\/primariachitila.ro\/new\/wp-content\/uploads\/2025\/03\/Datoria-publica-150x150.jpeg\" class=\"attachment-thumbnail size-thumbnail wp-image-19576\" alt=\"\" \/>\t\t\t\t\t\t\t\t\t\t\t\t\t\t\t<\/div>\n\t\t\t\t<\/div>\n\t\t\t\t<div class=\"elementor-element elementor-element-7d469e4 elementor-widget elementor-widget-heading\" data-id=\"7d469e4\" data-element_type=\"widget\" data-e-type=\"widget\" data-widget_type=\"heading.default\">\n\t\t\t\t<div class=\"elementor-widget-container\">\n\t\t\t\t\t<h2 class=\"elementor-heading-title elementor-size-default\">Datoria Public\u0103<\/h2>\t\t\t\t<\/div>\n\t\t\t\t<\/div>\n\t\t\t\t<div class=\"elementor-element elementor-element-ebe8b59 elementor-widget-divider--view-line elementor-widget elementor-widget-divider\" data-id=\"ebe8b59\" data-element_type=\"widget\" data-e-type=\"widget\" data-widget_type=\"divider.default\">\n\t\t\t\t<div class=\"elementor-widget-container\">\n\t\t\t\t\t\t\t<div class=\"elementor-divider\">\n\t\t\t<span class=\"elementor-divider-separator\">\n\t\t\t\t\t\t<\/span>\n\t\t<\/div>\n\t\t\t\t\t\t<\/div>\n\t\t\t\t<\/div>\n\t\t\t\t<div class=\"elementor-element elementor-element-b1df3c4 elementor-widget elementor-widget-heading\" data-id=\"b1df3c4\" data-element_type=\"widget\" data-e-type=\"widget\" data-widget_type=\"heading.default\">\n\t\t\t\t<div class=\"elementor-widget-container\">\n\t\t\t\t\t<h5 class=\"elementor-heading-title elementor-size-default\">\n\nPrin datorie public\u0103 se \u00een\u021belege datoria pe care o are prim\u0103ria fa\u021b\u0103 de unit\u0103\u021bile ter\u021be, persoane juridice, b\u0103nci, intreprinderi din \u021bar\u0103, care au cump\u0103rat obliga\u021biuni emise de prim\u0103rie pentru a acoperi nevoile financiare ale prim\u0103riei.<\/h5>\t\t\t\t<\/div>\n\t\t\t\t<\/div>\n\t\t\t\t<\/a>\n\t\t\t\t\t<\/div>\n\t\t\t\t<\/div>\n\t\t\t\t<\/div>\n\t\t","protected":false},"excerpt":{"rendered":"<p>Bugetul Local Bugetul local reprezint\u0103 bugetul unit\u0103\u0163ilor administrativ-teritoriale, conform legii nr. 273 din 29 iulie 2006 privind finan\u0163ele publice locale Proiecte de Buget Situa\u021bii Financiare Situa\u021bii financiare \u2013 Conform Legii Contabilit\u0103\u021bii nr. 82\/1991, republicat\u0103 \u0219i reactualizat\u0103, reprezint\u0103 raport\u0103ri trimestriale \u0219i anuale care sunt \u00eentocmite \u00een baza normelor elaborate de Ministerul Finan\u0163elor Publice. Datoria Public\u0103 Prin [&hellip;]<\/p>\n","protected":false},"author":6,"featured_media":0,"parent":0,"menu_order":0,"comment_status":"closed","ping_status":"closed","template":"","meta":{"footnotes":""},"class_list":["post-18981","page","type-page","status-publish","hentry"],"_links":{"self":[{"href":"https:\/\/primariachitila.ro\/new\/wp-json\/wp\/v2\/pages\/18981","targetHints":{"allow":["GET"]}}],"collection":[{"href":"https:\/\/primariachitila.ro\/new\/wp-json\/wp\/v2\/pages"}],"about":[{"href":"https:\/\/primariachitila.ro\/new\/wp-json\/wp\/v2\/types\/page"}],"author":[{"embeddable":true,"href":"https:\/\/primariachitila.ro\/new\/wp-json\/wp\/v2\/users\/6"}],"replies":[{"embeddable":true,"href":"https:\/\/primariachitila.ro\/new\/wp-json\/wp\/v2\/comments?post=18981"}],"version-history":[{"count":7,"href":"https:\/\/primariachitila.ro\/new\/wp-json\/wp\/v2\/pages\/18981\/revisions"}],"predecessor-version":[{"id":30756,"href":"https:\/\/primariachitila.ro\/new\/wp-json\/wp\/v2\/pages\/18981\/revisions\/30756"}],"wp:attachment":[{"href":"https:\/\/primariachitila.ro\/new\/wp-json\/wp\/v2\/media?parent=18981"}],"curies":[{"name":"wp","href":"https:\/\/api.w.org\/{rel}","templated":true}]}}