{"id":19128,"date":"2025-03-18T07:35:30","date_gmt":"2025-03-18T07:35:30","guid":{"rendered":"https:\/\/primariachitila.ro\/new\/?page_id=19128"},"modified":"2025-11-17T12:54:07","modified_gmt":"2025-11-17T12:54:07","slug":"declaratii-de-avere-si-interese","status":"publish","type":"page","link":"https:\/\/primariachitila.ro\/new\/declaratii-de-avere-si-interese\/","title":{"rendered":"DECLARA\u021aII DE AVERE \u0218I INTERESE"},"content":{"rendered":"\t\t<div data-elementor-type=\"wp-page\" data-elementor-id=\"19128\" class=\"elementor elementor-19128\">\n\t\t\t\t<div class=\"elementor-element elementor-element-8633278 e-flex e-con-boxed e-con e-parent\" data-id=\"8633278\" data-element_type=\"container\" data-e-type=\"container\">\n\t\t\t\t\t<div class=\"e-con-inner\">\n\t\t\t\t<div class=\"elementor-element elementor-element-56d497c elementor-widget elementor-widget-text-editor\" data-id=\"56d497c\" data-element_type=\"widget\" data-e-type=\"widget\" data-widget_type=\"text-editor.default\">\n\t\t\t\t<div class=\"elementor-widget-container\">\n\t\t\t\t\t\t\t\t\t<p><strong>Declara\u0163iile de avere \u015fi declara\u0163iile<\/strong>\u00a0de interese reprezint\u0103 acte personale, put\u00e2nd fi rectificate numai \u00een condi\u0163iile prev\u0103zute de Legea 176\/2010.<\/p><p>\u00a0<\/p><p><strong>Declara\u0163iile de avere<\/strong>\u00a0se fac \u00een scris, pe propria r\u0103spundere, \u015fi cuprind drepturile \u015fi obliga\u0163iile declarantului, ale so\u0163ului\/so\u0163iei, precum \u015fi ale copiilor afla\u0163i \u00een \u00eentre\u0163inere, potrivit anexei nr. 1 a Legii nr 176\/2010.<\/p><p>\u00a0<\/p><p><strong>Declara\u0163iile d<\/strong><strong>e interese<\/strong>\u00a0se fac \u00een scris, pe propria r\u0103spundere, \u015fi cuprind func\u0163iile \u015fi activit\u0103\u0163ile prev\u0103zute \u00een anexa nr. 2 din Legea 176\/2010, potrivit prevederilor\u00a0<u>Legii nr. 161\/2003<\/u>\u00a0privind unele m\u0103suri pentru asigurarea transparen\u0163ei \u00een exercitarea demnit\u0103\u0163ilor publice, a func\u0163iilor publice \u015fi \u00een mediul de afaceri, prevenirea \u015fi sanc\u0163ionarea corup\u0163iei, cu modific\u0103rile \u015fi complet\u0103rile ulterioare.<\/p>\t\t\t\t\t\t\t\t<\/div>\n\t\t\t\t<\/div>\n\t\t\t\t\t<\/div>\n\t\t\t\t<\/div>\n\t\t<div class=\"elementor-element elementor-element-6677759 e-flex e-con-boxed e-con e-parent\" data-id=\"6677759\" data-element_type=\"container\" data-e-type=\"container\">\n\t\t\t\t\t<div class=\"e-con-inner\">\n\t\t\t\t<div class=\"elementor-element elementor-element-e2836b7 elementor-widget elementor-widget-shortcode\" data-id=\"e2836b7\" data-element_type=\"widget\" data-e-type=\"widget\" data-widget_type=\"shortcode.default\">\n\t\t\t\t<div class=\"elementor-widget-container\">\n\t\t\t\t\t\t\t<div class=\"elementor-shortcode\"><table id=\"dlp_b287ef2a3c30a1b1_1\" class=\"posts-data-table\" width=\"100%\" data-config=\"{&quot;pageLength&quot;:20,&quot;pagingType&quot;:&quot;numbers&quot;,&quot;serverSide&quot;:true,&quot;autoWidth&quot;:true,&quot;clickFilter&quot;:&quot;&quot;,&quot;stickyHeader&quot;:false,&quot;scrollOffset&quot;:15,&quot;resetButton&quot;:false,&quot;numOrder&quot;:false,&quot;lengthMenu&quot;:[10,20,25,50,100],&quot;columnDefs&quot;:[{&quot;className&quot;:&quot;col-title&quot;,&quot;targets&quot;:0,&quot;type&quot;:&quot;html&quot;},{&quot;className&quot;:&quot;col-date&quot;,&quot;targets&quot;:1,&quot;type&quot;:&quot;html&quot;},{&quot;className&quot;:&quot;col-link&quot;,&quot;targets&quot;:2,&quot;type&quot;:&quot;html&quot;}],&quot;responsive&quot;:{&quot;details&quot;:{&quot;display&quot;:&quot;child_row&quot;}},&quot;language&quot;:{&quot;info&quot;:&quot;_TOTAL_ documents&quot;,&quot;infoEmpty&quot;:&quot;0 documents&quot;,&quot;emptyTable&quot;:&quot;No matching documents.&quot;,&quot;zeroRecords&quot;:&quot;No matching documents.&quot;,&quot;totalsSingle&quot;:&quot;document&quot;,&quot;totalsPlural&quot;:&quot;documents&quot;},&quot;dom&quot;:&quot;&lt;\\&quot;posts-table-wrapper gimont\\&quot;&lt;\\&quot;posts-table-above posts-table-controls\\&quot;f&gt;t&lt;\\&quot;posts-table-below posts-table-controls\\&quot;lip&gt;&gt;&quot;,&quot;multiDownloadButton&quot;:true,&quot;multiDownloadPosition&quot;:&quot;above&quot;,&quot;multiDownloadText&quot;:&quot;Descarc\\u0103 documentele selectate&quot;}\" data-filters=\"false\" data-order='[[1, \"desc\"]]'><thead><tr><th class=\"all\" data-name=\"title\" data-orderable=\"true\" data-searchable=\"true\" data-priority=\"1\" data-data=\"title\">Denumire<\/th><th data-name=\"date\" data-orderable=\"true\" data-searchable=\"true\" data-priority=\"5\" data-data=\"date\">Data<\/th><th data-name=\"link\" data-orderable=\"false\" data-searchable=\"false\" data-priority=\"10\" data-data=\"link\">Descarc\u0103<\/th><\/tr><\/thead><\/table>\t\t<div id=\"modal_dlp_b287ef2a3c30a1b1_1\" class=\"dlp-preview-modal\" aria-hidden=\"true\">\n\t\t\t<div class=\"dlp-preview-modal-overlay\" tabindex=\"-1\" data-dlp-preview-close=\"#modal_dlp_b287ef2a3c30a1b1_1\">\n\t\t\t\t<a class=\"dlp-preview-modal-close\" data-dlp-preview-close=\"#modal_dlp_b287ef2a3c30a1b1_1\">\n\t\t\t\t\t<div class=\"dlp-icon close\"><svg xmlns=\"http:\/\/www.w3.org\/2000\/svg\" viewBox=\"0 0 24 24\" aria-label=\"Close\"><path fill=\"currentColor\" d=\"M19 6.41L17.59 5 12 10.59 6.41 5 5 6.41 10.59 12 5 17.59 6.41 19 12 13.41 17.59 19 19 17.59 13.41 12z\" \/><path d=\"M0 0h24v24H0z\" fill=\"none\" \/><\/svg><\/div>\t\t\t\t<\/a>\n\n\t\t\t\t<div class=\"dlp-preview-modal-container\" role=\"dialog\" aria-modal=\"true\" aria-labelledby=\"dlp-preview-modal-title\">\n\t\t\t\t\t<main class=\"dlp-preview-modal-content\"><\/main>\n\t\t\t\t\t<footer class=\"dlp-preview-modal-footer\"><\/footer>\n\t\t\t\t<\/div>\n\t\t\t<\/div>\n\t\t<\/div>\n\t\t\n<\/div>\n\t\t\t\t\t\t<\/div>\n\t\t\t\t<\/div>\n\t\t\t\t\t<\/div>\n\t\t\t\t<\/div>\n\t\t\t\t<\/div>\n\t\t","protected":false},"excerpt":{"rendered":"<p>Declara\u0163iile de avere \u015fi declara\u0163iile\u00a0de interese reprezint\u0103 acte personale, put\u00e2nd fi rectificate numai \u00een condi\u0163iile prev\u0103zute de Legea 176\/2010. \u00a0 Declara\u0163iile de avere\u00a0se fac \u00een scris, pe propria r\u0103spundere, \u015fi cuprind drepturile \u015fi obliga\u0163iile declarantului, ale so\u0163ului\/so\u0163iei, precum \u015fi ale copiilor afla\u0163i \u00een \u00eentre\u0163inere, potrivit anexei nr. 1 a Legii nr 176\/2010. \u00a0 Declara\u0163iile de [&hellip;]<\/p>\n","protected":false},"author":6,"featured_media":0,"parent":0,"menu_order":0,"comment_status":"closed","ping_status":"closed","template":"","meta":{"footnotes":""},"class_list":["post-19128","page","type-page","status-publish","hentry"],"_links":{"self":[{"href":"https:\/\/primariachitila.ro\/new\/wp-json\/wp\/v2\/pages\/19128","targetHints":{"allow":["GET"]}}],"collection":[{"href":"https:\/\/primariachitila.ro\/new\/wp-json\/wp\/v2\/pages"}],"about":[{"href":"https:\/\/primariachitila.ro\/new\/wp-json\/wp\/v2\/types\/page"}],"author":[{"embeddable":true,"href":"https:\/\/primariachitila.ro\/new\/wp-json\/wp\/v2\/users\/6"}],"replies":[{"embeddable":true,"href":"https:\/\/primariachitila.ro\/new\/wp-json\/wp\/v2\/comments?post=19128"}],"version-history":[{"count":7,"href":"https:\/\/primariachitila.ro\/new\/wp-json\/wp\/v2\/pages\/19128\/revisions"}],"predecessor-version":[{"id":30233,"href":"https:\/\/primariachitila.ro\/new\/wp-json\/wp\/v2\/pages\/19128\/revisions\/30233"}],"wp:attachment":[{"href":"https:\/\/primariachitila.ro\/new\/wp-json\/wp\/v2\/media?parent=19128"}],"curies":[{"name":"wp","href":"https:\/\/api.w.org\/{rel}","templated":true}]}}