{"id":19147,"date":"2025-03-18T07:38:54","date_gmt":"2025-03-18T07:38:54","guid":{"rendered":"https:\/\/primariachitila.ro\/new\/?page_id=19147"},"modified":"2025-03-18T11:15:53","modified_gmt":"2025-03-18T11:15:53","slug":"atributii-si-obiective","status":"publish","type":"page","link":"https:\/\/primariachitila.ro\/new\/atributii-si-obiective\/","title":{"rendered":"ATRIBU\u021aII \u0218I OBIECTIVE"},"content":{"rendered":"\t\t<div data-elementor-type=\"wp-page\" data-elementor-id=\"19147\" class=\"elementor elementor-19147\">\n\t\t\t\t<div class=\"elementor-element elementor-element-719b74e e-flex e-con-boxed e-con e-parent\" data-id=\"719b74e\" data-element_type=\"container\" data-e-type=\"container\">\n\t\t\t\t\t<div class=\"e-con-inner\">\n\t\t\t\t<div class=\"elementor-element elementor-element-ed279b6 elementor-widget elementor-widget-text-editor\" data-id=\"ed279b6\" data-element_type=\"widget\" data-e-type=\"widget\" data-widget_type=\"text-editor.default\">\n\t\t\t\t<div class=\"elementor-widget-container\">\n\t\t\t\t\t\t\t\t\t<p>Poli\u0163ia local\u0103 se \u00eenfiin\u0163eaz\u0103 \u00een scopul exercit\u0103rii atribu\u0163iilor privind ap\u0103rarea drepturilor \u015fi libert\u0103\u0163ilor fundamentale ale persoanei, a propriet\u0103\u0163ii private \u015fi publice, prevenirea \u015fi descoperirea infrac\u0163iunilor, \u00een urm\u0103toarele domenii:<\/p><ol type=\"a\"><li>ordinea \u015fi lini\u015ftea public\u0103, precum \u015fi paza bunurilor;<\/li><li>circula\u0163ia pe drumurile publice;<\/li><li>disciplina \u00een construc\u0163ii \u015fi afi\u015fajul stradal;<\/li><li>protec\u0163ia mediului;<\/li><\/ol><p>Poli\u0163ia local\u0103 \u00ee\u015fi desf\u0103\u015foar\u0103 activitatea pe baza principiilor: legalit\u0103\u0163ii, \u00eencrederii, previzibilit\u0103\u0163ii, proximit\u0103\u0163ii \u015fi propor\u0163ionalit\u0103\u0163ii, deschiderii \u015fi transparen\u0163ei, eficien\u0163ei \u015fi eficacit\u0103\u0163ii, r\u0103spunderii \u015fi responsabilit\u0103\u0163ii, impar\u0163ialit\u0103\u0163ii \u015fi nediscrimin\u0103rii<\/p>\t\t\t\t\t\t\t\t<\/div>\n\t\t\t\t<\/div>\n\t\t\t\t\t<\/div>\n\t\t\t\t<\/div>\n\t\t\t\t<\/div>\n\t\t","protected":false},"excerpt":{"rendered":"<p>Poli\u0163ia local\u0103 se \u00eenfiin\u0163eaz\u0103 \u00een scopul exercit\u0103rii atribu\u0163iilor privind ap\u0103rarea drepturilor \u015fi libert\u0103\u0163ilor fundamentale ale persoanei, a propriet\u0103\u0163ii private \u015fi publice, prevenirea \u015fi descoperirea infrac\u0163iunilor, \u00een urm\u0103toarele domenii: ordinea \u015fi lini\u015ftea public\u0103, precum \u015fi paza bunurilor; circula\u0163ia pe drumurile publice; disciplina \u00een construc\u0163ii \u015fi afi\u015fajul stradal; protec\u0163ia mediului; Poli\u0163ia local\u0103 \u00ee\u015fi desf\u0103\u015foar\u0103 activitatea pe baza [&hellip;]<\/p>\n","protected":false},"author":6,"featured_media":0,"parent":0,"menu_order":0,"comment_status":"closed","ping_status":"closed","template":"","meta":{"footnotes":""},"class_list":["post-19147","page","type-page","status-publish","hentry"],"_links":{"self":[{"href":"https:\/\/primariachitila.ro\/new\/wp-json\/wp\/v2\/pages\/19147","targetHints":{"allow":["GET"]}}],"collection":[{"href":"https:\/\/primariachitila.ro\/new\/wp-json\/wp\/v2\/pages"}],"about":[{"href":"https:\/\/primariachitila.ro\/new\/wp-json\/wp\/v2\/types\/page"}],"author":[{"embeddable":true,"href":"https:\/\/primariachitila.ro\/new\/wp-json\/wp\/v2\/users\/6"}],"replies":[{"embeddable":true,"href":"https:\/\/primariachitila.ro\/new\/wp-json\/wp\/v2\/comments?post=19147"}],"version-history":[{"count":7,"href":"https:\/\/primariachitila.ro\/new\/wp-json\/wp\/v2\/pages\/19147\/revisions"}],"predecessor-version":[{"id":19429,"href":"https:\/\/primariachitila.ro\/new\/wp-json\/wp\/v2\/pages\/19147\/revisions\/19429"}],"wp:attachment":[{"href":"https:\/\/primariachitila.ro\/new\/wp-json\/wp\/v2\/media?parent=19147"}],"curies":[{"name":"wp","href":"https:\/\/api.w.org\/{rel}","templated":true}]}}

ATRIBUȚII ȘI OBIECTIVE

<div data-elementor-type="wp-page" data-elementor-id="19147" class="elementor elementor-19147">
				<div class="elementor-element elementor-element-719b74e e-flex e-con-boxed e-con e-parent" data-id="719b74e" data-element_type="container" data-e-type="container">
					<div class="e-con-inner">
				<div class="elementor-element elementor-element-ed279b6 elementor-widget elementor-widget-text-editor" data-id="ed279b6" data-element_type="widget" data-e-type="widget" data-widget_type="text-editor.default">
				<div class="elementor-widget-container">
									<p>Poliţia locală se înfiinţează în scopul exercitării atribuţiilor privind apărarea drepturilor şi libertăţilor fundamentale ale persoanei, a proprietăţii private şi publice, prevenirea şi descoperirea infracţiunilor, în următoarele domenii:</p><ol type="a"><li>ordinea şi liniştea publică, precum şi paza bunurilor;</li><li>circulaţia pe drumurile publice;</li><li>disciplina în construcţii şi afişajul stradal;</li><li>protecţia mediului;</li></ol><p>Poliţia locală îşi desfăşoară activitatea pe baza principiilor: legalităţii, încrederii, previzibilităţii, proximităţii şi proporţionalităţii, deschiderii şi transparenţei, eficienţei şi eficacităţii, răspunderii şi responsabilităţii, imparţialităţii şi nediscriminării</p>								</div>
				</div>
					</div>
				</div>
				</div>

<p>Poliţia locală se înfiinţează în scopul exercitării atribuţiilor privind apărarea drepturilor şi libertăţilor fundamentale ale persoanei, a proprietăţii private şi publice, prevenirea şi descoperirea infracţiunilor, în următoarele domenii: ordinea şi liniştea publică, precum şi paza bunurilor; circulaţia pe drumurile publice; disciplina în construcţii şi afişajul stradal; protecţia mediului; Poliţia locală îşi desfăşoară activitatea pe baza [&hellip;]</p>
