{"id":20247,"date":"2025-10-15T11:15:25","date_gmt":"2025-10-15T11:15:25","guid":{"rendered":"https:\/\/primariachitila.ro\/new\/?page_id=20247"},"modified":"2026-03-31T12:49:10","modified_gmt":"2026-03-31T12:49:10","slug":"e-chitila-servicii-on-line","status":"publish","type":"page","link":"https:\/\/primariachitila.ro\/new\/e-chitila-servicii-on-line\/","title":{"rendered":"E-Chitila \u2013 Servicii on-line"},"content":{"rendered":"\t\t<div data-elementor-type=\"wp-page\" data-elementor-id=\"20247\" class=\"elementor elementor-20247\">\n\t\t\t\t<div class=\"elementor-element elementor-element-5be14038 e-con-full e-flex e-con e-parent\" data-id=\"5be14038\" data-element_type=\"container\" data-e-type=\"container\">\n\t\t\t\t<div class=\"elementor-element elementor-element-24654d2d elementor-widget__width-initial elementor-widget elementor-widget-image\" data-id=\"24654d2d\" data-element_type=\"widget\" data-e-type=\"widget\" data-widget_type=\"image.default\">\n\t\t\t\t<div class=\"elementor-widget-container\">\n\t\t\t\t\t\t\t\t\t\t\t\t\t\t\t<img fetchpriority=\"high\" decoding=\"async\" width=\"800\" height=\"68\" src=\"https:\/\/primariachitila.ro\/new\/wp-content\/uploads\/2026\/03\/logo-UE_NextGEN_Guv.-RO_PNRR_COLOR_RGB_A4-1024x87.jpg\" class=\"attachment-large size-large wp-image-38689\" alt=\"\" srcset=\"https:\/\/primariachitila.ro\/new\/wp-content\/uploads\/2026\/03\/logo-UE_NextGEN_Guv.-RO_PNRR_COLOR_RGB_A4-1024x87.jpg 1024w, https:\/\/primariachitila.ro\/new\/wp-content\/uploads\/2026\/03\/logo-UE_NextGEN_Guv.-RO_PNRR_COLOR_RGB_A4-300x25.jpg 300w, https:\/\/primariachitila.ro\/new\/wp-content\/uploads\/2026\/03\/logo-UE_NextGEN_Guv.-RO_PNRR_COLOR_RGB_A4-768x65.jpg 768w, https:\/\/primariachitila.ro\/new\/wp-content\/uploads\/2026\/03\/logo-UE_NextGEN_Guv.-RO_PNRR_COLOR_RGB_A4-1536x130.jpg 1536w, https:\/\/primariachitila.ro\/new\/wp-content\/uploads\/2026\/03\/logo-UE_NextGEN_Guv.-RO_PNRR_COLOR_RGB_A4.jpg 2040w\" sizes=\"(max-width: 800px) 100vw, 800px\" \/>\t\t\t\t\t\t\t\t\t\t\t\t\t\t\t<\/div>\n\t\t\t\t<\/div>\n\t\t\t\t<div class=\"elementor-element elementor-element-12dc0133 elementor-widget elementor-widget-html\" data-id=\"12dc0133\" data-element_type=\"widget\" data-e-type=\"widget\" data-widget_type=\"html.default\">\n\t\t\t\t<div class=\"elementor-widget-container\">\n\t\t\t\t\t<script src=\"https:\/\/code.jquery.com\/jquery-3.6.0.min.js\"><\/script>\r\n\r\n<script>\r\n    $(document).ready(function() {\r\n  $(\"#button1\").click(function() {\r\n    $(\"#h1\").show();\r\n    $(\"#h2\").hide();\r\n    $(\"#h3\").hide();\r\n    $(\"#h4\").hide();\r\n    $(\"#h5\").hide();\r\n    $(\"#img1\").show();\r\n    $(\"#img2\").hide();\r\n    $(\"#img3\").hide();\r\n    $(\"#img4\").hide();\r\n    $(\"#img5\").hide();\r\n    $(\"#text1\").show();\r\n    $(\"#text2\").hide();\r\n    $(\"#text3\").hide();\r\n    $(\"#text4\").hide();\r\n    $(\"#text5\").hide();\r\n  });\r\n  $(\"#button2\").click(function() {\r\n    $(\"#h1\").hide();\r\n    $(\"#h2\").show();\r\n    $(\"#h3\").hide();\r\n    $(\"#h4\").hide();\r\n    $(\"#h5\").hide();\r\n    $(\"#img5\").hide();\r\n    $(\"#img4\").hide();\r\n    $(\"#img3\").hide();\r\n    $(\"#img2\").show();\r\n    $(\"#img1\").hide();\r\n    $(\"#text1\").hide();\r\n    $(\"#text2\").show();\r\n    $(\"#text3\").hide();\r\n    $(\"#text4\").hide();\r\n    $(\"#text5\").hide();\r\n  });\r\n  $(\"#button3\").click(function() {\r\n    $(\"#h1\").hide();\r\n    $(\"#h2\").hide();\r\n    $(\"#h3\").show();\r\n    $(\"#h4\").hide();\r\n    $(\"#h5\").hide();\r\n    $(\"#img5\").hide();\r\n    $(\"#img4\").hide();\r\n    $(\"#img3\").show();\r\n    $(\"#img2\").hide();\r\n    $(\"#img1\").hide();\r\n   $(\"#text1\").hide();\r\n   $(\"#text2\").hide();\r\n   $(\"#text3\").show();\r\n   $(\"#text4\").hide();\r\n   $(\"#text5\").hide();\r\n  });\r\n  $(\"#button4\").click(function() {\r\n    $(\"#h1\").hide();\r\n    $(\"#h2\").hide();\r\n    $(\"#h3\").hide();\r\n    $(\"#h4\").show();\r\n    $(\"#h5\").hide();\r\n    $(\"#img5\").hide();\r\n    $(\"#img4\").show();\r\n    $(\"#img3\").hide();\r\n    $(\"#img2\").hide();\r\n    $(\"#img1\").hide();\r\n   $(\"#text1\").hide();\r\n   $(\"#text2\").hide();\r\n   $(\"#text3\").hide();\r\n   $(\"#text4\").show();\r\n   $(\"#text5\").hide();\r\n  });\r\n  $(\"#button5\").click(function() {\r\n    $(\"#h1\").hide();\r\n    $(\"#h2\").hide();\r\n    $(\"#h3\").hide();\r\n    $(\"#h4\").hide();\r\n    $(\"#h5\").show();\r\n    $(\"#img5\").show();\r\n    $(\"#img4\").hide();\r\n    $(\"#img3\").hide();\r\n    $(\"#img2\").hide();\r\n    $(\"#img1\").hide();\r\n   $(\"#text1\").hide();\r\n   $(\"#text2\").hide();\r\n   $(\"#text3\").hide();\r\n   $(\"#text4\").hide();\r\n   $(\"#text5\").show();\r\n  });\r\n\r\n\r\n});\r\n\r\njQuery(document).ready(function($) {\r\n  $('.hidden-text').hide();\r\n  $('button').click(function() {\r\n    $('#hidden-text-container .hidden-text').show();\r\n  });\r\n});\r\n\r\njQuery(document).ready(function($) {\r\n  $('.hidden-image').hide();\r\n  $('button').click(function() {\r\n    $('#hidden-image-container .hidden-image').show();\r\n  });\r\n});\r\n\r\njQuery(document).ready(function($) {\r\n  $('.hidden-heading').hide();\r\n  $('button').click(function() {\r\n    $('#hidden-heading-container .hidden-heading').show();\r\n  });\r\n  $(\"#button1, #button2, #button3, #button4, #button5\").click(function(event) {\r\n    event.preventDefault(); \/\/ Opre\u0219te comportamentul implicit al butonului\r\n});\r\n$(document).ready(function() {\r\n    $(\"#button1\").trigger(\"click\"); \/\/ Simuleaz\u0103 click pe primul buton\r\n});\r\n\r\n});\r\n\r\n\r\n<\/script>\t\t\t\t<\/div>\n\t\t\t\t<\/div>\n\t\t\t\t<\/div>\n\t\t<div class=\"elementor-element elementor-element-266261b1 e-flex e-con-boxed e-con e-parent\" data-id=\"266261b1\" data-element_type=\"container\" data-e-type=\"container\">\n\t\t\t\t\t<div class=\"e-con-inner\">\n\t\t<div class=\"elementor-element elementor-element-d2470fa e-con-full e-flex e-con e-child\" data-id=\"d2470fa\" data-element_type=\"container\" data-e-type=\"container\">\n\t\t\t\t<div class=\"elementor-element elementor-element-7f14dbb8 elementor-widget__width-initial elementor-widget elementor-widget-button\" data-id=\"7f14dbb8\" data-element_type=\"widget\" data-e-type=\"widget\" id=\"button1\" data-widget_type=\"button.default\">\n\t\t\t\t<div class=\"elementor-widget-container\">\n\t\t\t\t\t\t\t\t\t<div class=\"elementor-button-wrapper\">\n\t\t\t\t\t<a class=\"elementor-button elementor-button-link elementor-size-sm\" href=\"#\">\n\t\t\t\t\t\t<span class=\"elementor-button-content-wrapper\">\n\t\t\t\t\t\t\t\t\t<span class=\"elementor-button-text\">    OBIECTIV  GENERAL<\/span>\n\t\t\t\t\t<\/span>\n\t\t\t\t\t<\/a>\n\t\t\t\t<\/div>\n\t\t\t\t\t\t\t\t<\/div>\n\t\t\t\t<\/div>\n\t\t\t\t<div class=\"elementor-element elementor-element-2c8bda0e elementor-widget__width-initial elementor-widget elementor-widget-button\" data-id=\"2c8bda0e\" data-element_type=\"widget\" data-e-type=\"widget\" id=\"button2\" data-widget_type=\"button.default\">\n\t\t\t\t<div class=\"elementor-widget-container\">\n\t\t\t\t\t\t\t\t\t<div class=\"elementor-button-wrapper\">\n\t\t\t\t\t<a class=\"elementor-button elementor-button-link elementor-size-sm\" href=\"#\">\n\t\t\t\t\t\t<span class=\"elementor-button-content-wrapper\">\n\t\t\t\t\t\t\t\t\t<span class=\"elementor-button-text\">OBIECTIVE SPECIFICE<\/span>\n\t\t\t\t\t<\/span>\n\t\t\t\t\t<\/a>\n\t\t\t\t<\/div>\n\t\t\t\t\t\t\t\t<\/div>\n\t\t\t\t<\/div>\n\t\t\t\t<div class=\"elementor-element elementor-element-406a9903 elementor-widget__width-initial elementor-widget elementor-widget-button\" data-id=\"406a9903\" data-element_type=\"widget\" data-e-type=\"widget\" id=\"button3\" data-widget_type=\"button.default\">\n\t\t\t\t<div class=\"elementor-widget-container\">\n\t\t\t\t\t\t\t\t\t<div class=\"elementor-button-wrapper\">\n\t\t\t\t\t<a class=\"elementor-button elementor-button-link elementor-size-sm\" href=\"#\">\n\t\t\t\t\t\t<span class=\"elementor-button-content-wrapper\">\n\t\t\t\t\t\t\t\t\t<span class=\"elementor-button-text\">DESCRIEREA PROIECTULUI<\/span>\n\t\t\t\t\t<\/span>\n\t\t\t\t\t<\/a>\n\t\t\t\t<\/div>\n\t\t\t\t\t\t\t\t<\/div>\n\t\t\t\t<\/div>\n\t\t\t\t<div class=\"elementor-element elementor-element-5904bd10 elementor-widget__width-initial elementor-widget elementor-widget-button\" data-id=\"5904bd10\" data-element_type=\"widget\" data-e-type=\"widget\" id=\"button4\" data-widget_type=\"button.default\">\n\t\t\t\t<div class=\"elementor-widget-container\">\n\t\t\t\t\t\t\t\t\t<div class=\"elementor-button-wrapper\">\n\t\t\t\t\t<a class=\"elementor-button elementor-button-link elementor-size-sm\" href=\"#\">\n\t\t\t\t\t\t<span class=\"elementor-button-content-wrapper\">\n\t\t\t\t\t\t\t\t\t<span class=\"elementor-button-text\">REZULTATE PROIECT<\/span>\n\t\t\t\t\t<\/span>\n\t\t\t\t\t<\/a>\n\t\t\t\t<\/div>\n\t\t\t\t\t\t\t\t<\/div>\n\t\t\t\t<\/div>\n\t\t\t\t<div class=\"elementor-element elementor-element-4b7a5c5 elementor-widget__width-initial elementor-widget elementor-widget-button\" data-id=\"4b7a5c5\" data-element_type=\"widget\" data-e-type=\"widget\" id=\"button5\" data-widget_type=\"button.default\">\n\t\t\t\t<div class=\"elementor-widget-container\">\n\t\t\t\t\t\t\t\t\t<div class=\"elementor-button-wrapper\">\n\t\t\t\t\t<a class=\"elementor-button elementor-button-link elementor-size-sm\" href=\"#\">\n\t\t\t\t\t\t<span class=\"elementor-button-content-wrapper\">\n\t\t\t\t\t\t\t\t\t<span class=\"elementor-button-text\">FINAN\u021aARE PROIECT<\/span>\n\t\t\t\t\t<\/span>\n\t\t\t\t\t<\/a>\n\t\t\t\t<\/div>\n\t\t\t\t\t\t\t\t<\/div>\n\t\t\t\t<\/div>\n\t\t\t\t<div class=\"elementor-element elementor-element-2510a9d2 elementor-widget elementor-widget-progress\" data-id=\"2510a9d2\" data-element_type=\"widget\" data-e-type=\"widget\" data-widget_type=\"progress.default\">\n\t\t\t\t<div class=\"elementor-widget-container\">\n\t\t\t\t\t\t\t\t<h2 class=\"elementor-title\" id=\"elementor-progress-bar-2510a9d2\">\n\t\t\t\tProgres Proiect\t\t\t<\/h2>\n\t\t\n\t\t<div aria-labelledby=\"elementor-progress-bar-2510a9d2\" class=\"elementor-progress-wrapper\" role=\"progressbar\" aria-valuemin=\"0\" aria-valuemax=\"100\" aria-valuenow=\"100\">\n\t\t\t<div class=\"elementor-progress-bar\" data-max=\"100\">\n\t\t\t\t<span class=\"elementor-progress-text\"><\/span>\n\t\t\t\t\t\t\t\t\t<span class=\"elementor-progress-percentage\">100%<\/span>\n\t\t\t\t\t\t\t<\/div>\n\t\t<\/div>\n\t\t\t\t\t\t<\/div>\n\t\t\t\t<\/div>\n\t\t\t\t<\/div>\n\t\t<div class=\"elementor-element elementor-element-7c65d386 e-con-full e-flex e-con e-child\" data-id=\"7c65d386\" data-element_type=\"container\" data-e-type=\"container\">\n\t\t\t\t<div class=\"elementor-element elementor-element-726ea2f4 hidden-text elementor-widget elementor-widget-text-editor\" data-id=\"726ea2f4\" data-element_type=\"widget\" data-e-type=\"widget\" id=\"text1\" data-widget_type=\"text-editor.default\">\n\t\t\t\t<div class=\"elementor-widget-container\">\n\t\t\t\t\t\t\t\t\t<h3 class=\"titleProject\">OBIECTIV GENERAL<\/h3><p>Obiectivul general al proiectului \u00eel reprezint\u0103 \u00eembun\u0103t\u0103\u021birea eficien\u021bei \u0219i calitatea serviciilor publice locale prin digitalizarea proceselor administrative \u0219i de a cre\u0219te gradul de transparen\u021b\u0103 \u0219i accesibilitate pentru cet\u0103\u021beni \u0219i \u00eentreprinderi, prin crearea \u0219i implementarea\u00a0 \u201eE-Chitila\u201d Servicii on-line.<\/p><p>Prin proiect se va dezvolta un set complex de func\u021bionalit\u0103\u021bi, pentru accesul digital al cet\u0103\u021beanului la serviciile oferite de prim\u0103rie, la informa\u021bii despre ora\u0219, precum \u0219i pentru accesarea instrumentelor de tip \u201eora\u0219e inteligente\u201d (IoT) implementate.\u00a0\u00a0\u00a0\u00a0\u00a0\u00a0\u00a0<\/p><p><span lang=\"FR\" xml:lang=\"FR\">Solu\u021biile software vor fi unitare \u0219i integrate din punct de vedere al experien\u021bei utilizatorilor.<\/span><\/p>\t\t\t\t\t\t\t\t<\/div>\n\t\t\t\t<\/div>\n\t\t\t\t<div class=\"elementor-element elementor-element-305c34dd hidden-text elementor-widget elementor-widget-text-editor\" data-id=\"305c34dd\" data-element_type=\"widget\" data-e-type=\"widget\" id=\"text2\" data-widget_type=\"text-editor.default\">\n\t\t\t\t<div class=\"elementor-widget-container\">\n\t\t\t\t\t\t\t\t\t<h3 class=\"titleProject\">OBIECTIVE SPECIFICE<\/h3><p>Obiectivele specifice ale proiectului includ:<\/p><ul><li>Dezvoltarea \u0219i implementarea unei platforme online care s\u0103 permit\u0103 cet\u0103\u021benilor \u0219i \u00eentreprinderilor s\u0103 acceseze \u0219i s\u0103 gestioneze diferite servicii publice locale, cum ar fi eliberarea de documente sau \u00eenregistrarea \u00een eviden\u021bele publice;<\/li><li>\u00cembun\u0103t\u0103\u021birea comunic\u0103rii \u00eentre administra\u021bia public\u0103 local\u0103 \u0219i cet\u0103\u021beni prin intermediul platformei online, prin oferirea de informa\u021bii actualizate \u0219i notific\u0103ri cu privire la serviciile publice disponibile sau evenimentele locale;<\/li><li>Digitalizarea proceselor administrative pentru a reduce birocra\u021bia \u0219i timpul necesar pentru eliberarea documentelor sau solu\u021bionarea diferitelor cereri;<\/li><li>Implementarea unui sistem de arhivare \u0219i gestionare a datelor pentru o mai bun\u0103 monitorizare a activit\u0103\u021bilor administra\u021biei publice locale \u0219i o gestionare mai eficient\u0103 a resurselor.<\/li><\/ul>\t\t\t\t\t\t\t\t<\/div>\n\t\t\t\t<\/div>\n\t\t\t\t<div class=\"elementor-element elementor-element-42a74a89 hidden-text elementor-widget elementor-widget-text-editor\" data-id=\"42a74a89\" data-element_type=\"widget\" data-e-type=\"widget\" id=\"text3\" data-widget_type=\"text-editor.default\">\n\t\t\t\t<div class=\"elementor-widget-container\">\n\t\t\t\t\t\t\t\t\t<h3 class=\"titleProject\">DESCRIEREA PROIECTULUI<\/h3><p><b><span lang=\"RO\" xml:lang=\"RO\">Digitalizarea proceselor de lucru<\/span><\/b><\/p><p>Sistemul software va \u00eembun\u0103t\u0103\u021bi colaborarea angaja\u021bilor prim\u0103riei pentru rezolvarea cererilor cet\u0103\u021benilor sau pentru activit\u0103\u021bile interne specifice prin automatizarea \u0219i digitalizarea fluxurilor de lucru particularizate prim\u0103riei.<\/p><p><span lang=\"RO\" xml:lang=\"RO\">Se vor digitaliza at\u00e2t toate procesele interne din cadrul prim\u0103riei cat si procesele de lucru aferente oferirii serviciilor c\u0103tre cet\u0103\u021beni:<\/span><\/p><ul><li><span lang=\"RO\" xml:lang=\"RO\">Formulare specifice pentru orice tip de serviciu;<\/span><\/li><li><span lang=\"RO\" xml:lang=\"RO\">Fluxuri de lucru flexibile care se pot adapta cu u\u0219urin\u021ba oric\u0103rei modific\u0103ri organiza\u021bionale;<\/span><\/li><li><span lang=\"RO\" xml:lang=\"RO\">Automatizare activit\u0103\u021bi precum generarea de documente, calcule, etc.<\/span><\/li><\/ul><p><span lang=\"RO\" xml:lang=\"RO\">Fluxurile de lucru vor permite:\u00a0<\/span><\/p><ul><li><span lang=\"RO\" xml:lang=\"RO\">Reducerea timpului de livrare a serviciului public de c\u0103tre cet\u0103\u021beni;<\/span><\/li><li><span lang=\"RO\" xml:lang=\"RO\">Reducere num\u0103r participan\u021bi la proces prin implicarea\u00a0 \u00een cadrul procesului doar a participan\u021bilor care aduc valoare ad\u0103ugat\u0103 procesului;<\/span><\/li><li><span lang=\"RO\" xml:lang=\"RO\">Digital \u00een mod implicit: design de servicii publice care sunt simplu de utilizat de c\u0103tre toat\u0103 lumea \u0219i se bazeaz\u0103 pe tehnologii digitale;<\/span><\/li><li><span lang=\"RO\" xml:lang=\"RO\">Abordare focalizat\u0103 pe cet\u0103\u021bean: dezvoltarea de servicii publice mai bune, care sa deserveasc\u0103 nevoile oamenilor \u0219i care sunt facile a fi utilizate;<\/span><\/li><li><span lang=\"RO\" xml:lang=\"RO\">Simplificarea procedurilor: reducerea num\u0103rului de interac\u021biuni dintre cet\u0103\u021bean \u0219i administra\u021bia public\u0103 \u00een vederea ob\u021binerii serviciului public;<\/span><\/li><li><span lang=\"RO\" xml:lang=\"RO\">singur\u0103 dat\u0103: presupune ca o informa\u021bie existent\u0103 deja \u00een cadrul administra\u021biei publice locale s\u0103 aib\u0103 un singur compartiment responsabil\u00a0 si s\u0103 fie accesata \u00een mod direct de c\u0103tre alte compartimente, f\u0103r\u0103 a fi necesar\u0103 implicarea cet\u0103\u021beanului;<\/span><\/li><li><span lang=\"RO\" xml:lang=\"RO\">Reducerea costurilor administrative.<\/span><\/li><\/ul>\t\t\t\t\t\t\t\t<\/div>\n\t\t\t\t<\/div>\n\t\t\t\t<div class=\"elementor-element elementor-element-6001e9eb hidden-text elementor-widget elementor-widget-text-editor\" data-id=\"6001e9eb\" data-element_type=\"widget\" data-e-type=\"widget\" id=\"text4\" data-widget_type=\"text-editor.default\">\n\t\t\t\t<div class=\"elementor-widget-container\">\n\t\t\t\t\t\t\t\t\t<h3 style=\"font-weight: 500;\">REZULTATE PROIECT<\/h3><p style=\"font-weight: 400;\">Rezultatele a\u0219teptate ale proiectului includ:<\/p><ul style=\"font-weight: 400;\"><li>\u00cembun\u0103t\u0103\u021birea calit\u0103\u021bii \u0219i eficien\u021bei serviciilor publice locale prin digitalizarea proceselor administrative;<\/li><li>Cre\u0219terea gradului de transparen\u021b\u0103 \u0219i accesibilitate pentru cet\u0103\u021beni \u0219i \u00eentreprinderi;<\/li><li>Reducerea birocra\u021biei \u0219i timpului necesar pentru eliberarea documentelor sau solu\u021bionarea diferitelor cereri;<\/li><li>\u00cembun\u0103t\u0103\u021birea comunic\u0103rii \u00eentre administra\u021bia public\u0103 local\u0103 \u0219i cet\u0103\u021beni prin intermediul platformei online;<\/li><li>Implementarea unui sistem de arhivare \u0219i gestionare a datelor pentru o mai bun\u0103 monitorizare a activit\u0103\u021bilor administra\u021biei publice locale \u0219i o gestionare mai eficient\u0103 a resurselor.<\/li><\/ul>\t\t\t\t\t\t\t\t<\/div>\n\t\t\t\t<\/div>\n\t\t\t\t<div class=\"elementor-element elementor-element-2dfe820c hidden-text elementor-widget elementor-widget-text-editor\" data-id=\"2dfe820c\" data-element_type=\"widget\" data-e-type=\"widget\" id=\"text5\" data-widget_type=\"text-editor.default\">\n\t\t\t\t<div class=\"elementor-widget-container\">\n\t\t\t\t\t\t\t\t\t<h3 class=\"titleProject\">FINAN\u021aARE PROIECT<\/h3><p>Valoarea total\u0103 a investi\u021biei: 2.929.006,50 lei, TVA inclus<\/p><p>Contract de finan\u021bare: &#8211; nr. MDLPA 19872\/16.02.2023<\/p><p>\u00a0 \u00a0 \u00a0 \u00a0 \u00a0 \u00a0 \u00a0 \u00a0 \u00a0 \u00a0 \u00a0 \u00a0 \u00a0 \u00a0 \u00a0 \u00a0 \u00a0 \u00a0 \u00a0 \u00a0 \u00a0 \u00a0 \u00a0 \u00a0 \u00a0 \u00a0 \u00a0&#8211; nr. Chitila 5351\/22.02.2023<\/p><p>Perioada de implementare: 30 de luni<span lang=\"RO\" xml:lang=\"RO\">, p\u00e2n\u0103 la 21.08.2025<\/span><\/p>\t\t\t\t\t\t\t\t<\/div>\n\t\t\t\t<\/div>\n\t\t\t\t<\/div>\n\t\t\t\t\t<\/div>\n\t\t\t\t<\/div>\n\t\t<div class=\"elementor-element elementor-element-a84ebe2 e-flex e-con-boxed e-con e-parent\" data-id=\"a84ebe2\" data-element_type=\"container\" data-e-type=\"container\">\n\t\t\t\t\t<div class=\"e-con-inner\">\n\t\t\t\t<div class=\"elementor-element elementor-element-c5cca3a elementor-widget elementor-widget-text-editor\" data-id=\"c5cca3a\" data-element_type=\"widget\" data-e-type=\"widget\" data-widget_type=\"text-editor.default\">\n\t\t\t\t<div class=\"elementor-widget-container\">\n\t\t\t\t\t\t\t\t\t<h3><strong>PNRR. Finan\u021bat de Uniunea European\u0103 \u2013 Urm\u0103toareaGenera\u021bieUE<\/strong><\/h3><p><em>Con\u021binutul acestui material nu reprezint\u0103 \u00een mod obligatoriu pozi\u021bia oficial\u0103 a Uniunii Europene sau a Guvernului Rom\u00e2niei<\/em><\/p><p><a href=\"https:\/\/mfe.gov.ro\/pnrr\/\">https:\/\/mfe.gov.ro\/pnrr\/<\/a><\/p><p>\u00a0\u00a0<a href=\"https:\/\/www.facebook.com\/PNRROficial\">https:\/\/www.facebook.com\/PNRROficial<\/a><\/p>\t\t\t\t\t\t\t\t<\/div>\n\t\t\t\t<\/div>\n\t\t\t\t<div class=\"elementor-element elementor-element-2a7c65b elementor-widget elementor-widget-button\" data-id=\"2a7c65b\" data-element_type=\"widget\" data-e-type=\"widget\" data-widget_type=\"button.default\">\n\t\t\t\t<div class=\"elementor-widget-container\">\n\t\t\t\t\t\t\t\t\t<div class=\"elementor-button-wrapper\">\n\t\t\t\t\t<a class=\"elementor-button elementor-button-link elementor-size-sm\" href=\"https:\/\/primariachitila.ro\/new\/document\/comunicat-de-presa-e-chitila\/\">\n\t\t\t\t\t\t<span class=\"elementor-button-content-wrapper\">\n\t\t\t\t\t\t\t\t\t<span class=\"elementor-button-text\">Comunicat de pres\u0103<\/span>\n\t\t\t\t\t<\/span>\n\t\t\t\t\t<\/a>\n\t\t\t\t<\/div>\n\t\t\t\t\t\t\t\t<\/div>\n\t\t\t\t<\/div>\n\t\t\t\t\t<\/div>\n\t\t\t\t<\/div>\n\t\t\t\t<\/div>\n\t\t","protected":false},"excerpt":{"rendered":"<p>OBIECTIV GENERAL OBIECTIVE SPECIFICE DESCRIEREA PROIECTULUI REZULTATE PROIECT FINAN\u021aARE PROIECT Progres Proiect 100% OBIECTIV GENERAL Obiectivul general al proiectului \u00eel reprezint\u0103 \u00eembun\u0103t\u0103\u021birea eficien\u021bei \u0219i calitatea serviciilor publice locale prin digitalizarea proceselor administrative \u0219i de a cre\u0219te gradul de transparen\u021b\u0103 \u0219i accesibilitate pentru cet\u0103\u021beni \u0219i \u00eentreprinderi, prin crearea \u0219i implementarea\u00a0 \u201eE-Chitila\u201d Servicii on-line. Prin proiect se [&hellip;]<\/p>\n","protected":false},"author":2,"featured_media":0,"parent":0,"menu_order":0,"comment_status":"closed","ping_status":"closed","template":"","meta":{"footnotes":""},"class_list":["post-20247","page","type-page","status-publish","hentry"],"_links":{"self":[{"href":"https:\/\/primariachitila.ro\/new\/wp-json\/wp\/v2\/pages\/20247","targetHints":{"allow":["GET"]}}],"collection":[{"href":"https:\/\/primariachitila.ro\/new\/wp-json\/wp\/v2\/pages"}],"about":[{"href":"https:\/\/primariachitila.ro\/new\/wp-json\/wp\/v2\/types\/page"}],"author":[{"embeddable":true,"href":"https:\/\/primariachitila.ro\/new\/wp-json\/wp\/v2\/users\/2"}],"replies":[{"embeddable":true,"href":"https:\/\/primariachitila.ro\/new\/wp-json\/wp\/v2\/comments?post=20247"}],"version-history":[{"count":16,"href":"https:\/\/primariachitila.ro\/new\/wp-json\/wp\/v2\/pages\/20247\/revisions"}],"predecessor-version":[{"id":38746,"href":"https:\/\/primariachitila.ro\/new\/wp-json\/wp\/v2\/pages\/20247\/revisions\/38746"}],"wp:attachment":[{"href":"https:\/\/primariachitila.ro\/new\/wp-json\/wp\/v2\/media?parent=20247"}],"curies":[{"name":"wp","href":"https:\/\/api.w.org\/{rel}","templated":true}]}}