{"id":20268,"date":"2025-10-15T11:21:05","date_gmt":"2025-10-15T11:21:05","guid":{"rendered":"https:\/\/primariachitila.ro\/new\/?page_id=20268"},"modified":"2025-11-24T12:22:18","modified_gmt":"2025-11-24T12:22:18","slug":"piste-pentru-biciclete-si-alte-vehicule-electrice-usoare-in-orasul-chitila-jud-ilfov","status":"publish","type":"page","link":"https:\/\/primariachitila.ro\/new\/piste-pentru-biciclete-si-alte-vehicule-electrice-usoare-in-orasul-chitila-jud-ilfov\/","title":{"rendered":"Piste pentru biciclete \u0219i alte vehicule electrice u\u0219oare \u00een Ora\u0219ul Chitila, jud. Ilfov"},"content":{"rendered":"\t\t<div data-elementor-type=\"wp-page\" data-elementor-id=\"20268\" class=\"elementor elementor-20268\">\n\t\t\t\t<div class=\"elementor-element elementor-element-32248b6e e-con-full e-flex e-con e-parent\" data-id=\"32248b6e\" data-element_type=\"container\" data-e-type=\"container\">\n\t\t\t\t<div class=\"elementor-element elementor-element-4d3d63fd elementor-widget__width-initial elementor-widget elementor-widget-image\" data-id=\"4d3d63fd\" data-element_type=\"widget\" data-e-type=\"widget\" data-widget_type=\"image.default\">\n\t\t\t\t<div class=\"elementor-widget-container\">\n\t\t\t\t\t\t\t\t\t\t\t\t\t\t\t<img fetchpriority=\"high\" decoding=\"async\" width=\"800\" height=\"95\" src=\"https:\/\/primariachitila.ro\/new\/wp-content\/uploads\/2025\/03\/LOGO1.jpeg\" class=\"attachment-large size-large wp-image-19627\" alt=\"\" srcset=\"https:\/\/primariachitila.ro\/new\/wp-content\/uploads\/2025\/03\/LOGO1.jpeg 850w, https:\/\/primariachitila.ro\/new\/wp-content\/uploads\/2025\/03\/LOGO1-300x36.jpeg 300w, https:\/\/primariachitila.ro\/new\/wp-content\/uploads\/2025\/03\/LOGO1-768x91.jpeg 768w, https:\/\/primariachitila.ro\/new\/wp-content\/uploads\/2025\/03\/LOGO1-600x71.jpeg 600w\" sizes=\"(max-width: 800px) 100vw, 800px\" \/>\t\t\t\t\t\t\t\t\t\t\t\t\t\t\t<\/div>\n\t\t\t\t<\/div>\n\t\t\t\t<div class=\"elementor-element elementor-element-31f7fb65 elementor-widget elementor-widget-html\" data-id=\"31f7fb65\" data-element_type=\"widget\" data-e-type=\"widget\" data-widget_type=\"html.default\">\n\t\t\t\t<div class=\"elementor-widget-container\">\n\t\t\t\t\t<script src=\"https:\/\/code.jquery.com\/jquery-3.6.0.min.js\"><\/script>\r\n\r\n<script>\r\n    $(document).ready(function() {\r\n  $(\"#button1\").click(function() {\r\n    $(\"#h1\").show();\r\n    $(\"#h2\").hide();\r\n    $(\"#h3\").hide();\r\n    $(\"#h4\").hide();\r\n    $(\"#h5\").hide();\r\n    $(\"#img1\").show();\r\n    $(\"#img2\").hide();\r\n    $(\"#img3\").hide();\r\n    $(\"#img4\").hide();\r\n    $(\"#img5\").hide();\r\n    $(\"#text1\").show();\r\n    $(\"#text2\").hide();\r\n    $(\"#text3\").hide();\r\n    $(\"#text4\").hide();\r\n    $(\"#text5\").hide();\r\n  });\r\n  $(\"#button2\").click(function() {\r\n    $(\"#h1\").hide();\r\n    $(\"#h2\").show();\r\n    $(\"#h3\").hide();\r\n    $(\"#h4\").hide();\r\n    $(\"#h5\").hide();\r\n    $(\"#img5\").hide();\r\n    $(\"#img4\").hide();\r\n    $(\"#img3\").hide();\r\n    $(\"#img2\").show();\r\n    $(\"#img1\").hide();\r\n    $(\"#text1\").hide();\r\n    $(\"#text2\").show();\r\n    $(\"#text3\").hide();\r\n    $(\"#text4\").hide();\r\n    $(\"#text5\").hide();\r\n  });\r\n  $(\"#button3\").click(function() {\r\n    $(\"#h1\").hide();\r\n    $(\"#h2\").hide();\r\n    $(\"#h3\").show();\r\n    $(\"#h4\").hide();\r\n    $(\"#h5\").hide();\r\n    $(\"#img5\").hide();\r\n    $(\"#img4\").hide();\r\n    $(\"#img3\").show();\r\n    $(\"#img2\").hide();\r\n    $(\"#img1\").hide();\r\n   $(\"#text1\").hide();\r\n   $(\"#text2\").hide();\r\n   $(\"#text3\").show();\r\n   $(\"#text4\").hide();\r\n   $(\"#text5\").hide();\r\n  });\r\n  $(\"#button4\").click(function() {\r\n    $(\"#h1\").hide();\r\n    $(\"#h2\").hide();\r\n    $(\"#h3\").hide();\r\n    $(\"#h4\").show();\r\n    $(\"#h5\").hide();\r\n    $(\"#img5\").hide();\r\n    $(\"#img4\").show();\r\n    $(\"#img3\").hide();\r\n    $(\"#img2\").hide();\r\n    $(\"#img1\").hide();\r\n   $(\"#text1\").hide();\r\n   $(\"#text2\").hide();\r\n   $(\"#text3\").hide();\r\n   $(\"#text4\").show();\r\n   $(\"#text5\").hide();\r\n  });\r\n  $(\"#button5\").click(function() {\r\n    $(\"#h1\").hide();\r\n    $(\"#h2\").hide();\r\n    $(\"#h3\").hide();\r\n    $(\"#h4\").hide();\r\n    $(\"#h5\").show();\r\n    $(\"#img5\").show();\r\n    $(\"#img4\").hide();\r\n    $(\"#img3\").hide();\r\n    $(\"#img2\").hide();\r\n    $(\"#img1\").hide();\r\n   $(\"#text1\").hide();\r\n   $(\"#text2\").hide();\r\n   $(\"#text3\").hide();\r\n   $(\"#text4\").hide();\r\n   $(\"#text5\").show();\r\n  });\r\n\r\n\r\n});\r\n\r\njQuery(document).ready(function($) {\r\n  $('.hidden-text').hide();\r\n  $('button').click(function() {\r\n    $('#hidden-text-container .hidden-text').show();\r\n  });\r\n});\r\n\r\njQuery(document).ready(function($) {\r\n  $('.hidden-image').hide();\r\n  $('button').click(function() {\r\n    $('#hidden-image-container .hidden-image').show();\r\n  });\r\n});\r\n\r\njQuery(document).ready(function($) {\r\n  $('.hidden-heading').hide();\r\n  $('button').click(function() {\r\n    $('#hidden-heading-container .hidden-heading').show();\r\n  });\r\n  $(\"#button1, #button2, #button3, #button4, #button5\").click(function(event) {\r\n    event.preventDefault(); \/\/ Opre\u0219te comportamentul implicit al butonului\r\n});\r\n$(document).ready(function() {\r\n    $(\"#button1\").trigger(\"click\"); \/\/ Simuleaz\u0103 click pe primul buton\r\n});\r\n\r\n});\r\n\r\n\r\n<\/script>\t\t\t\t<\/div>\n\t\t\t\t<\/div>\n\t\t\t\t<\/div>\n\t\t<div class=\"elementor-element elementor-element-46dd5399 e-flex e-con-boxed e-con e-parent\" data-id=\"46dd5399\" data-element_type=\"container\" data-e-type=\"container\">\n\t\t\t\t\t<div class=\"e-con-inner\">\n\t\t<div class=\"elementor-element elementor-element-4542e996 e-con-full e-flex e-con e-child\" data-id=\"4542e996\" data-element_type=\"container\" data-e-type=\"container\">\n\t\t\t\t<div class=\"elementor-element elementor-element-750af9da elementor-widget__width-initial elementor-widget elementor-widget-button\" data-id=\"750af9da\" data-element_type=\"widget\" data-e-type=\"widget\" id=\"button1\" data-widget_type=\"button.default\">\n\t\t\t\t<div class=\"elementor-widget-container\">\n\t\t\t\t\t\t\t\t\t<div class=\"elementor-button-wrapper\">\n\t\t\t\t\t<a class=\"elementor-button elementor-button-link elementor-size-sm\" href=\"#\">\n\t\t\t\t\t\t<span class=\"elementor-button-content-wrapper\">\n\t\t\t\t\t\t\t\t\t<span class=\"elementor-button-text\">    OBIECTIV  GENERAL<\/span>\n\t\t\t\t\t<\/span>\n\t\t\t\t\t<\/a>\n\t\t\t\t<\/div>\n\t\t\t\t\t\t\t\t<\/div>\n\t\t\t\t<\/div>\n\t\t\t\t<div class=\"elementor-element elementor-element-6118033b elementor-widget__width-initial elementor-widget elementor-widget-button\" data-id=\"6118033b\" data-element_type=\"widget\" data-e-type=\"widget\" id=\"button2\" data-widget_type=\"button.default\">\n\t\t\t\t<div class=\"elementor-widget-container\">\n\t\t\t\t\t\t\t\t\t<div class=\"elementor-button-wrapper\">\n\t\t\t\t\t<a class=\"elementor-button elementor-button-link elementor-size-sm\" href=\"#\">\n\t\t\t\t\t\t<span class=\"elementor-button-content-wrapper\">\n\t\t\t\t\t\t\t\t\t<span class=\"elementor-button-text\">OBIECTIVE SPECIFICE<\/span>\n\t\t\t\t\t<\/span>\n\t\t\t\t\t<\/a>\n\t\t\t\t<\/div>\n\t\t\t\t\t\t\t\t<\/div>\n\t\t\t\t<\/div>\n\t\t\t\t<div class=\"elementor-element elementor-element-6a4977a8 elementor-widget__width-initial elementor-widget elementor-widget-button\" data-id=\"6a4977a8\" data-element_type=\"widget\" data-e-type=\"widget\" id=\"button3\" data-widget_type=\"button.default\">\n\t\t\t\t<div class=\"elementor-widget-container\">\n\t\t\t\t\t\t\t\t\t<div class=\"elementor-button-wrapper\">\n\t\t\t\t\t<a class=\"elementor-button elementor-button-link elementor-size-sm\" href=\"#\">\n\t\t\t\t\t\t<span class=\"elementor-button-content-wrapper\">\n\t\t\t\t\t\t\t\t\t<span class=\"elementor-button-text\">DESCRIEREA PROIECTULUI<\/span>\n\t\t\t\t\t<\/span>\n\t\t\t\t\t<\/a>\n\t\t\t\t<\/div>\n\t\t\t\t\t\t\t\t<\/div>\n\t\t\t\t<\/div>\n\t\t\t\t<div class=\"elementor-element elementor-element-5d6374c3 elementor-widget__width-initial elementor-widget elementor-widget-button\" data-id=\"5d6374c3\" data-element_type=\"widget\" data-e-type=\"widget\" id=\"button4\" data-widget_type=\"button.default\">\n\t\t\t\t<div class=\"elementor-widget-container\">\n\t\t\t\t\t\t\t\t\t<div class=\"elementor-button-wrapper\">\n\t\t\t\t\t<a class=\"elementor-button elementor-button-link elementor-size-sm\" href=\"#\">\n\t\t\t\t\t\t<span class=\"elementor-button-content-wrapper\">\n\t\t\t\t\t\t\t\t\t<span class=\"elementor-button-text\">REZULTATE PROIECT<\/span>\n\t\t\t\t\t<\/span>\n\t\t\t\t\t<\/a>\n\t\t\t\t<\/div>\n\t\t\t\t\t\t\t\t<\/div>\n\t\t\t\t<\/div>\n\t\t\t\t<div class=\"elementor-element elementor-element-5f2fbe79 elementor-widget__width-initial elementor-widget elementor-widget-button\" data-id=\"5f2fbe79\" data-element_type=\"widget\" data-e-type=\"widget\" id=\"button5\" data-widget_type=\"button.default\">\n\t\t\t\t<div class=\"elementor-widget-container\">\n\t\t\t\t\t\t\t\t\t<div class=\"elementor-button-wrapper\">\n\t\t\t\t\t<a class=\"elementor-button elementor-button-link elementor-size-sm\" href=\"#\">\n\t\t\t\t\t\t<span class=\"elementor-button-content-wrapper\">\n\t\t\t\t\t\t\t\t\t<span class=\"elementor-button-text\">FINAN\u021aARE PROIECT<\/span>\n\t\t\t\t\t<\/span>\n\t\t\t\t\t<\/a>\n\t\t\t\t<\/div>\n\t\t\t\t\t\t\t\t<\/div>\n\t\t\t\t<\/div>\n\t\t\t\t<div class=\"elementor-element elementor-element-62d34bbe elementor-widget elementor-widget-progress\" data-id=\"62d34bbe\" data-element_type=\"widget\" data-e-type=\"widget\" data-widget_type=\"progress.default\">\n\t\t\t\t<div class=\"elementor-widget-container\">\n\t\t\t\t\t\t\t\t<h2 class=\"elementor-title\" id=\"elementor-progress-bar-62d34bbe\">\n\t\t\t\tProgres Proiect\t\t\t<\/h2>\n\t\t\n\t\t<div aria-labelledby=\"elementor-progress-bar-62d34bbe\" class=\"elementor-progress-wrapper\" role=\"progressbar\" aria-valuemin=\"0\" aria-valuemax=\"100\" aria-valuenow=\"20\" aria-valuetext=\"20% (Adaug\u0103 text aici)\">\n\t\t\t<div class=\"elementor-progress-bar\" data-max=\"20\">\n\t\t\t\t<span class=\"elementor-progress-text\">Adaug\u0103 text aici<\/span>\n\t\t\t\t\t\t\t\t\t<span class=\"elementor-progress-percentage\">20%<\/span>\n\t\t\t\t\t\t\t<\/div>\n\t\t<\/div>\n\t\t\t\t\t\t<\/div>\n\t\t\t\t<\/div>\n\t\t\t\t<\/div>\n\t\t<div class=\"elementor-element elementor-element-5ab0106c e-con-full e-flex e-con e-child\" data-id=\"5ab0106c\" data-element_type=\"container\" data-e-type=\"container\">\n\t\t\t\t<div class=\"elementor-element elementor-element-1eef6ccd hidden-text elementor-widget elementor-widget-text-editor\" data-id=\"1eef6ccd\" data-element_type=\"widget\" data-e-type=\"widget\" id=\"text1\" data-widget_type=\"text-editor.default\">\n\t\t\t\t<div class=\"elementor-widget-container\">\n\t\t\t\t\t\t\t\t\t<h3 class=\"titleProject\">OBIECTIV GENERAL<\/h3><p>Obiectivul general al proiectului &#8222;Piste pentru biciclete \u0219i alte vehicule u\u0219oare \u00een Ora\u0219ul Chitila&#8221; este reprezentat de cre\u0219terea mobilit\u0103\u021bii urbane durabile \u0219i \u00eembun\u0103t\u0103\u021birea calit\u0103\u021bii aerului prin dezvoltarea infrastructurii re\u021belei de transport pentru biciclete \u0219i alte vehicule u\u0219oare la nivelul ora\u0219ului \u0219i const\u0103 \u00een:<\/p><ul><li>\u00cembun\u0103t\u0103\u021birea infrastructurii de transport: Proiectul are ca obiectiv crearea unei infrastructuri mai sigure \u0219i mai prietenoase cu bicicli\u0219tii \u0219i alte vehicule u\u0219oare. Aceasta va contribui la reducerea traficului rutier \u0219i la promovarea unui mod de via\u021b\u0103 activ \u0219i s\u0103n\u0103tos.<\/li><li>\u00cembun\u0103t\u0103\u021birea calit\u0103\u021bii vie\u021bii: Proiectul urm\u0103re\u0219te cre\u0219terea calit\u0103\u021bii vie\u021bii cet\u0103\u021benilor prin crearea de zone mai sigure \u0219i mai pl\u0103cute pentru deplasare, care vor reduce emisiile de poluare \u0219i zgomotul din trafic.<\/li><li>Promovarea mobilit\u0103\u021bii durabile: Proiectul are ca obiectiv promovarea utiliz\u0103rii vehiculelor u\u0219oare, precum bicicletele, scuterele electrice \u0219i trotinetele, ca alternativ\u0103 la ma\u0219inile personale, ceea ce va contribui la reducerea emisiilor de gaze cu efect de ser\u0103 \u0219i la protejarea mediului \u00eenconjur\u0103tor.<\/li><\/ul>\t\t\t\t\t\t\t\t<\/div>\n\t\t\t\t<\/div>\n\t\t\t\t<div class=\"elementor-element elementor-element-56fd74a9 hidden-text elementor-widget elementor-widget-text-editor\" data-id=\"56fd74a9\" data-element_type=\"widget\" data-e-type=\"widget\" id=\"text2\" data-widget_type=\"text-editor.default\">\n\t\t\t\t<div class=\"elementor-widget-container\">\n\t\t\t\t\t\t\t\t\t<h3 class=\"titleProject\">OBIECTIVE SPECIFICE<\/h3><ul><li><span lang=\"RO\" xml:lang=\"RO\">Dezvoltarea unei re\u021bele de piste de biciclet\u0103 si alte vehicule u\u0219oare, cu accent pe accesul la locuri de munc\u0103, institu\u021bii, transport public;<\/span><\/li><li><span lang=\"RO\" xml:lang=\"RO\">\u00cembun\u0103t\u0103\u021birea \u0219i extinderea infrastructurii transportului nemotorizat prin construirea de noi piste de biciclete \u0219i alte vehicule u\u0219oare;<\/span><\/li><li><span lang=\"RO\" xml:lang=\"RO\">Realizarea infrastructurii de transport \u201everde\u201d, cu accent pe modurile de transport nemotorizat (biciclete \u0219i alte vehicule u\u0219oare), pentru diminuarea efectelor negative asupra mediului \u0219i reducerea inciden\u021bei accidentelor \u00een trafic;<\/span><\/li><li><span lang=\"RO\" xml:lang=\"RO\">Cre\u0219terea atractivit\u0103\u021bii transportului alternativ din punct de vedere economic \u0219i al timpilor de parcurs;<\/span><\/li><li><span lang=\"RO\" xml:lang=\"RO\">Sc\u0103derea frecven\u021bei utiliz\u0103rii autoturismelor personale;<\/span><\/li><li><span lang=\"RO\" xml:lang=\"RO\">Reducerea emisiilor de echivalent CO2;<\/span><\/li><li><span lang=\"RO\" xml:lang=\"RO\">\u00cembun\u0103t\u0103\u021birea calit\u0103\u021bii aerului;<\/span><\/li><li>Promovarea mobilit\u0103\u021bii durabile.<\/li><\/ul>\t\t\t\t\t\t\t\t<\/div>\n\t\t\t\t<\/div>\n\t\t\t\t<div class=\"elementor-element elementor-element-6cecf5db hidden-text elementor-widget elementor-widget-text-editor\" data-id=\"6cecf5db\" data-element_type=\"widget\" data-e-type=\"widget\" id=\"text3\" data-widget_type=\"text-editor.default\">\n\t\t\t\t<div class=\"elementor-widget-container\">\n\t\t\t\t\t\t\t\t\t<h3 class=\"titleProject\">DESCRIEREA PROIECTULUI\u00a0<\/h3><p><span lang=\"RO\" xml:lang=\"RO\">Traseul pentru pista de biciclete s\u0326i alte vehicule electrice us\u0326oare \u00een Ora\u0219ul Chitila va avea o lungime total\u0103 de aproximativ 7,7 km\u00a0<\/span>(din care 2,43 km traseu piste cu l\u0103\u021bime 2,4 m\u00a0 si 5,27 km traseu piste cu l\u0103\u021bime 1,5 m)<span lang=\"RO\" xml:lang=\"RO\">, dup\u0103 cum urmeaz\u0103:<\/span><\/p><ul><li>Strada Islaz, partea cu parcul (traseu bidirectional, l\u0103\u021bime 2,4m) \u2013 1.609 m<\/li><li>Strada I.C. Br\u0103tianu, dreapta (traseu bidirectional, l\u0103\u021bime 2,4m) \u2013 735 m<\/li><li>Strada I.C. Br\u0103tianu, st\u00e2nga (traseu bidirectional, l\u0103\u021bime 2,4m) \u2013 84 m<\/li><li>\u0218os. Banatului, dreapta (traseu unidirec\u021bional, l\u0103\u021bime 1,5 m) \u2013 2.826 m.<\/li><li>\u0218os. Banatului, st\u00e2nga (traseu unidirec\u021bional, l\u0103\u021bime 1,5 m) \u2013 2.446 m<\/li><\/ul><p>\u00cen planificarea traseului pentru biciclete s-a \u021binut seama de determinarea zonelor de interes major ce se dore\u0219te a fi conectate, \u00een cazul acesta, artera principal\u0103 a ora\u0219ului \u0219i obiectivele comerciale, socio-culturale, nodurile de transport, etc., amplasate pe \u0218os. Banatului \u0219i zona de agrement Parcul Valea Mangului, dar \u0219i strazile adiacente acestuia, zona reziden\u021bial\u0103 \u0219i \u0218coala nou construit\u0103 \u00een aceast\u0103 zon\u0103. Partea din traseu amplasat\u0103 pe Sos. Banatului este sec\u021biunea principal\u0103 cu rol de conectare la nivel de ora\u0219 \u0219i regiune, ea face conexiunea cu principalele destina\u021bii din localitate dar \u0219i \u00een afara ei. Sec\u021biunea secundar\u0103 a traseului are rol de preluare a fluxurilor la nivelul zonei construite \u0219i face accesul la nivelul cartierului \u0219i c\u0103tre zona de agrement. \u00a0<\/p><p>Conform analizei efectuate de speciali\u0219tii UAT \u0219i \u021bin\u00e2nd cont de reglement\u0103rile \u0219i de experien\u021ba implement\u0103rilor anterioare, un aspect deosebit de important pentru realizarea acestui tip de obiectiv de investi\u021bie \u0219i pentru ca ea s\u0103 fie optim utilizat\u0103, este asigurarea percept\u0326iei de sigurant\u0326a\u0306, fapt important care influent\u0326eaza\u0306 decizia utilizatorilor de a folosi bicicleta sau a altor vehicule electrice usoare.\u00a0 Amenajarea pistei de biciclete include \u0219i semnalizarea acesteia prin indicatoare de circula\u021bie standardizate, marcarea trecerilor adiacente celor de pietoni, precum \u0219i marcarea punctelor de parcare a bicicletelor, \u00een locuri desemnate conform planurilor de dezvoltare a re\u021belei locale de piste de biciclete. Se vor amplasa pe tot traseul indicatoare de circula\u021bie \u0219i marcaje specifice, pe suprafa\u021ba benzii de rulare se va aplica pictograma de biciclete la intersec\u021bii, la capete \u0219i din loc \u00een loc \u0219i marcaje semnaliz\u00e2nd direc\u021bia de mers. \u00a0<\/p><p>Pistele de biciclete vor avea profile transversale diferite, func\u021bie de sec\u021biunea traseului pe care se realizeaz\u0103 proiectul, \u00een conformitate cu terenul. Colectarea apelor pluviale se va face prin rigole deschise conduse la canalizare.<\/p><p>Lucr\u0103rile de realizare a investi\u021biei vor afecta par\u021bial amplasamentul pe parcursul execu\u021biei proiectului de aceea sunt prev\u0103zute lucr\u0103ri pentru refacerea amplasamentului la finalul lucr\u0103rilor \u0219i aducerea lui \u00een starea ini\u021bial\u0103, prin retragerea organiz\u0103rii de \u0219antier, a materialelor nepuse \u00een opera sau a restului nefolosit, etc.<\/p>\t\t\t\t\t\t\t\t<\/div>\n\t\t\t\t<\/div>\n\t\t\t\t<div class=\"elementor-element elementor-element-55ecf5d3 hidden-text elementor-widget elementor-widget-text-editor\" data-id=\"55ecf5d3\" data-element_type=\"widget\" data-e-type=\"widget\" id=\"text4\" data-widget_type=\"text-editor.default\">\n\t\t\t\t<div class=\"elementor-widget-container\">\n\t\t\t\t\t\t\t\t\t<h3 class=\"titleProject\">REZULTATE PROIECT<\/h3><p><span lang=\"FR\" xml:lang=\"FR\">Prin realizarea proiectului se urm\u0103re\u0219te:<\/span><\/p><ul><li>Cre\u0219terea mobilit\u0103\u021bii urbane a localit\u0103\u021bii prin amenajarea unei re\u021bele noi de piste de biciclete \u0219i alte vehicule u\u0219oare, creat\u0103 \u0219i operational\u0103;<\/li><li>Sc\u0103derea timpilor de parcurs \u00een trafic \u0219i implicit cre\u0219terea atractivit\u0103\u021bii transportului alternativ nepoluant din punct de vedere economic;<\/li><li>\u00cencurajarea utiliz\u0103rii bicicletei \u0219i a altor vehicule u\u0219oare \u00een vederea reducerii polu\u0103rii \u0219i a decongestion\u0103rii traficului;<\/li><li>\u00cembun\u0103t\u0103\u021birea siguran\u021bei infrastructurii rutiere prin utilizarea mijloacelor alternative de transport nepoluant;<\/li><li>Reducerea emisiilor de echivalent CO2 \u00een ora\u0219ul Chitila.<\/li><\/ul>\t\t\t\t\t\t\t\t<\/div>\n\t\t\t\t<\/div>\n\t\t\t\t<div class=\"elementor-element elementor-element-2bc5b3db hidden-text elementor-widget elementor-widget-text-editor\" data-id=\"2bc5b3db\" data-element_type=\"widget\" data-e-type=\"widget\" id=\"text5\" data-widget_type=\"text-editor.default\">\n\t\t\t\t<div class=\"elementor-widget-container\">\n\t\t\t\t\t\t\t\t\t<h3 class=\"titleProject\">FINAN\u021aARE PROIECT<\/h3><p>Valoarea total\u0103 a investi\u021biei: 4.390.580,74 lei, TVA inclus<\/p><p>Contract de finan\u021bare: &#8211; nr. MDLPA 140129\/12.12.2022<\/p><p>\u00a0\u00a0\u00a0\u00a0\u00a0\u00a0\u00a0\u00a0\u00a0\u00a0\u00a0\u00a0\u00a0\u00a0\u00a0\u00a0\u00a0\u00a0\u00a0\u00a0\u00a0\u00a0\u00a0\u00a0\u00a0\u00a0\u00a0\u00a0\u00a0\u00a0\u00a0\u00a0\u00a0\u00a0\u00a0\u00a0\u00a0\u00a0\u00a0\u00a0\u00a0 &#8211; nr. Chitila 382\/29.12.2022<\/p><p>Perioada de implementare: 36 de luni<span lang=\"RO\" xml:lang=\"RO\">, p\u00e2n\u0103 la 28.12.2025<\/span><\/p>\t\t\t\t\t\t\t\t<\/div>\n\t\t\t\t<\/div>\n\t\t\t\t<\/div>\n\t\t\t\t\t<\/div>\n\t\t\t\t<\/div>\n\t\t<div class=\"elementor-element elementor-element-2bbe4248 e-flex e-con-boxed e-con e-parent\" data-id=\"2bbe4248\" data-element_type=\"container\" data-e-type=\"container\">\n\t\t\t\t\t<div class=\"e-con-inner\">\n\t\t\t\t<div class=\"elementor-element elementor-element-2316d597 elementor-widget elementor-widget-image\" data-id=\"2316d597\" data-element_type=\"widget\" data-e-type=\"widget\" data-widget_type=\"image.default\">\n\t\t\t\t<div class=\"elementor-widget-container\">\n\t\t\t\t\t\t\t\t\t\t\t\t\t\t\t<img decoding=\"async\" width=\"800\" height=\"138\" src=\"https:\/\/primariachitila.ro\/new\/wp-content\/uploads\/2025\/03\/LOGO2-1024x177.jpg\" class=\"attachment-large size-large wp-image-19626\" alt=\"\" srcset=\"https:\/\/primariachitila.ro\/new\/wp-content\/uploads\/2025\/03\/LOGO2-1024x177.jpg 1024w, https:\/\/primariachitila.ro\/new\/wp-content\/uploads\/2025\/03\/LOGO2-300x52.jpg 300w, https:\/\/primariachitila.ro\/new\/wp-content\/uploads\/2025\/03\/LOGO2-768x133.jpg 768w, https:\/\/primariachitila.ro\/new\/wp-content\/uploads\/2025\/03\/LOGO2-600x104.jpg 600w, https:\/\/primariachitila.ro\/new\/wp-content\/uploads\/2025\/03\/LOGO2.jpg 1123w\" sizes=\"(max-width: 800px) 100vw, 800px\" \/>\t\t\t\t\t\t\t\t\t\t\t\t\t\t\t<\/div>\n\t\t\t\t<\/div>\n\t\t\t\t\t<\/div>\n\t\t\t\t<\/div>\n\t\t<div class=\"elementor-element elementor-element-f4b684a e-flex e-con-boxed e-con e-parent\" data-id=\"f4b684a\" data-element_type=\"container\" data-e-type=\"container\">\n\t\t\t\t\t<div class=\"e-con-inner\">\n\t\t\t\t<div class=\"elementor-element elementor-element-0e3fe63 elementor-widget elementor-widget-button\" data-id=\"0e3fe63\" data-element_type=\"widget\" data-e-type=\"widget\" data-widget_type=\"button.default\">\n\t\t\t\t<div class=\"elementor-widget-container\">\n\t\t\t\t\t\t\t\t\t<div class=\"elementor-button-wrapper\">\n\t\t\t\t\t<a class=\"elementor-button elementor-button-link elementor-size-sm\" href=\"https:\/\/primariachitila.ro\/new\/document\/comunicat-de-presa-piste-de-biciclete\/\">\n\t\t\t\t\t\t<span class=\"elementor-button-content-wrapper\">\n\t\t\t\t\t\t\t\t\t<span class=\"elementor-button-text\">Comunicat de pres\u0103<\/span>\n\t\t\t\t\t<\/span>\n\t\t\t\t\t<\/a>\n\t\t\t\t<\/div>\n\t\t\t\t\t\t\t\t<\/div>\n\t\t\t\t<\/div>\n\t\t\t\t\t<\/div>\n\t\t\t\t<\/div>\n\t\t\t\t<\/div>\n\t\t","protected":false},"excerpt":{"rendered":"<p>OBIECTIV GENERAL OBIECTIVE SPECIFICE DESCRIEREA PROIECTULUI REZULTATE PROIECT FINAN\u021aARE PROIECT Progres Proiect Adaug\u0103 text aici 20% OBIECTIV GENERAL Obiectivul general al proiectului &#8222;Piste pentru biciclete \u0219i alte vehicule u\u0219oare \u00een Ora\u0219ul Chitila&#8221; este reprezentat de cre\u0219terea mobilit\u0103\u021bii urbane durabile \u0219i \u00eembun\u0103t\u0103\u021birea calit\u0103\u021bii aerului prin dezvoltarea infrastructurii re\u021belei de transport pentru biciclete \u0219i alte vehicule u\u0219oare [&hellip;]<\/p>\n","protected":false},"author":2,"featured_media":0,"parent":0,"menu_order":0,"comment_status":"closed","ping_status":"closed","template":"","meta":{"footnotes":""},"class_list":["post-20268","page","type-page","status-publish","hentry"],"_links":{"self":[{"href":"https:\/\/primariachitila.ro\/new\/wp-json\/wp\/v2\/pages\/20268","targetHints":{"allow":["GET"]}}],"collection":[{"href":"https:\/\/primariachitila.ro\/new\/wp-json\/wp\/v2\/pages"}],"about":[{"href":"https:\/\/primariachitila.ro\/new\/wp-json\/wp\/v2\/types\/page"}],"author":[{"embeddable":true,"href":"https:\/\/primariachitila.ro\/new\/wp-json\/wp\/v2\/users\/2"}],"replies":[{"embeddable":true,"href":"https:\/\/primariachitila.ro\/new\/wp-json\/wp\/v2\/comments?post=20268"}],"version-history":[{"count":7,"href":"https:\/\/primariachitila.ro\/new\/wp-json\/wp\/v2\/pages\/20268\/revisions"}],"predecessor-version":[{"id":31898,"href":"https:\/\/primariachitila.ro\/new\/wp-json\/wp\/v2\/pages\/20268\/revisions\/31898"}],"wp:attachment":[{"href":"https:\/\/primariachitila.ro\/new\/wp-json\/wp\/v2\/media?parent=20268"}],"curies":[{"name":"wp","href":"https:\/\/api.w.org\/{rel}","templated":true}]}}